{"id":4799,"date":"2019-10-11T07:33:31","date_gmt":"2019-10-11T05:33:31","guid":{"rendered":"https:\/\/bcsla.hu\/site\/?page_id=4799"},"modified":"2025-11-12T02:11:15","modified_gmt":"2025-11-12T01:11:15","slug":"bekescsaba-labdarugo-akademia-u10","status":"publish","type":"page","link":"https:\/\/bcsla.hu\/site\/csapatok\/bekescsaba-labdarugo-akademia-u10\/","title":{"rendered":"B\u00e9k\u00e9scsaba Labdar\u00fag\u00f3 Akad\u00e9mia &#8211; U10"},"content":{"rendered":"\t\t<div data-elementor-type=\"wp-page\" data-elementor-id=\"4799\" class=\"elementor elementor-4799\">\n\t\t\t\t<div class=\"elementor-element elementor-element-5a2c737 e-flex e-con-boxed e-con e-parent\" data-id=\"5a2c737\" data-element_type=\"container\" data-e-type=\"container\">\n\t\t\t\t\t<div class=\"e-con-inner\">\n\t\t\t\t<div class=\"elementor-element elementor-element-f97ba12 elementor-widget elementor-widget-image\" data-id=\"f97ba12\" data-element_type=\"widget\" data-e-type=\"widget\" data-widget_type=\"image.default\">\n\t\t\t\t\t\t\t\t\t\t\t\t\t\t\t<img fetchpriority=\"high\" decoding=\"async\" width=\"1024\" height=\"676\" src=\"https:\/\/bcsla.hu\/site\/wp-content\/uploads\/2025\/11\/BLA_U10_2025_2026-1024x676.jpg\" class=\"attachment-large size-large wp-image-14220\" alt=\"\" srcset=\"https:\/\/bcsla.hu\/site\/wp-content\/uploads\/2025\/11\/BLA_U10_2025_2026-1024x676.jpg 1024w, https:\/\/bcsla.hu\/site\/wp-content\/uploads\/2025\/11\/BLA_U10_2025_2026-300x198.jpg 300w, https:\/\/bcsla.hu\/site\/wp-content\/uploads\/2025\/11\/BLA_U10_2025_2026-768x507.jpg 768w, https:\/\/bcsla.hu\/site\/wp-content\/uploads\/2025\/11\/BLA_U10_2025_2026-1536x1013.jpg 1536w, https:\/\/bcsla.hu\/site\/wp-content\/uploads\/2025\/11\/BLA_U10_2025_2026-100x66.jpg 100w, https:\/\/bcsla.hu\/site\/wp-content\/uploads\/2025\/11\/BLA_U10_2025_2026-50x33.jpg 50w, https:\/\/bcsla.hu\/site\/wp-content\/uploads\/2025\/11\/BLA_U10_2025_2026-25x16.jpg 25w, https:\/\/bcsla.hu\/site\/wp-content\/uploads\/2025\/11\/BLA_U10_2025_2026-90x59.jpg 90w, https:\/\/bcsla.hu\/site\/wp-content\/uploads\/2025\/11\/BLA_U10_2025_2026-250x165.jpg 250w, https:\/\/bcsla.hu\/site\/wp-content\/uploads\/2025\/11\/BLA_U10_2025_2026-225x148.jpg 225w, https:\/\/bcsla.hu\/site\/wp-content\/uploads\/2025\/11\/BLA_U10_2025_2026.jpg 2048w\" sizes=\"(max-width: 1024px) 100vw, 1024px\" \/>\t\t\t\t\t\t\t\t\t\t\t\t\t\t\t<\/div>\n\t\t\t\t<div class=\"elementor-element elementor-element-e78fe03 elementor-widget elementor-widget-tablepress-table\" data-id=\"e78fe03\" data-element_type=\"widget\" data-e-type=\"widget\" data-widget_type=\"tablepress-table.default\">\n\t\t\t\t\t\n<table id=\"tablepress-30\" class=\"tablepress tablepress-id-30\">\n<thead>\n<tr class=\"row-1\">\n\t<th colspan=\"2\" class=\"column-1\">A csapat tagjai a 2025\/26-os szezonban<\/th>\n<\/tr>\n<\/thead>\n<tbody class=\"row-striping row-hover\">\n<tr class=\"row-2\">\n\t<td class=\"column-1\">Bal\u00e1zs<\/td><td class=\"column-2\">L\u00e1szl\u00f3<\/td>\n<\/tr>\n<tr class=\"row-3\">\n\t<td class=\"column-1\">B\u00e9res<\/td><td class=\"column-2\">Bali\u00e1n<\/td>\n<\/tr>\n<tr class=\"row-4\">\n\t<td class=\"column-1\">Csern\u00e1toni<\/td><td class=\"column-2\">\u00c1bel<\/td>\n<\/tr>\n<tr class=\"row-5\">\n\t<td class=\"column-1\">Csizmadia<\/td><td class=\"column-2\">Kolos<\/td>\n<\/tr>\n<tr class=\"row-6\">\n\t<td class=\"column-1\">Dajka<\/td><td class=\"column-2\">Rih\u00e1rd<\/td>\n<\/tr>\n<tr class=\"row-7\">\n\t<td class=\"column-1\">Hugyecz<\/td><td class=\"column-2\">D\u00e1niel<\/td>\n<\/tr>\n<tr class=\"row-8\">\n\t<td class=\"column-1\">Ivanics<\/td><td class=\"column-2\">Norbert Istv\u00e1n<\/td>\n<\/tr>\n<tr class=\"row-9\">\n\t<td class=\"column-1\">Kis Don\u00e1t<\/td><td class=\"column-2\">Gell\u00e9rt<\/td>\n<\/tr>\n<tr class=\"row-10\">\n\t<td class=\"column-1\">Megyesi<\/td><td class=\"column-2\">Zsolt<\/td>\n<\/tr>\n<tr class=\"row-11\">\n\t<td class=\"column-1\">Provosinszki<\/td><td class=\"column-2\">Szabolcs<\/td>\n<\/tr>\n<tr class=\"row-12\">\n\t<td class=\"column-1\">Sas<\/td><td class=\"column-2\">Kriszti\u00e1n<\/td>\n<\/tr>\n<tr class=\"row-13\">\n\t<td class=\"column-1\">Ser\u00e1k<\/td><td class=\"column-2\">M\u00e1rton<\/td>\n<\/tr>\n<tr class=\"row-14\">\n\t<td class=\"column-1\">Trachanas<\/td><td class=\"column-2\">Mil\u00e1n<\/td>\n<\/tr>\n<tr class=\"row-15\">\n\t<td class=\"column-1\">Uhljar<\/td><td class=\"column-2\">Mil\u00e1n<\/td>\n<\/tr>\n<\/tbody>\n<\/table>\n<!-- #tablepress-30 from cache -->\t\t\t\t<\/div>\n\t\t\t\t\t<\/div>\n\t\t\t\t<\/div>\n\t\t\t\t<\/div>\n\t\t","protected":false},"excerpt":{"rendered":"<p>Szerkeszt\u00e9s A csapat tagjai a 2025\/26-os szezonban Bal\u00e1zs L\u00e1szl\u00f3 B\u00e9res Bali\u00e1n Csern\u00e1toni \u00c1bel Csizmadia Kolos Dajka Rih\u00e1rd Hugyecz D\u00e1niel Ivanics Norbert Istv\u00e1n Kis Don\u00e1t Gell\u00e9rt Megyesi Zsolt Provosinszki Szabolcs Sas Kriszti\u00e1n Ser\u00e1k M\u00e1rton Trachanas Mil\u00e1n Uhljar Mil\u00e1n<\/p>\n","protected":false},"author":1,"featured_media":0,"parent":103,"menu_order":24,"comment_status":"closed","ping_status":"closed","template":"","meta":{"footnotes":""},"class_list":["post-4799","page","type-page","status-publish","hentry"],"publishpress_future_action":{"enabled":false,"date":"2026-05-02 11:10:42","action":"change-status","newStatus":"draft","terms":[],"taxonomy":"","extraData":[]},"publishpress_future_workflow_manual_trigger":{"enabledWorkflows":[]},"_links":{"self":[{"href":"https:\/\/bcsla.hu\/site\/wp-json\/wp\/v2\/pages\/4799","targetHints":{"allow":["GET"]}}],"collection":[{"href":"https:\/\/bcsla.hu\/site\/wp-json\/wp\/v2\/pages"}],"about":[{"href":"https:\/\/bcsla.hu\/site\/wp-json\/wp\/v2\/types\/page"}],"author":[{"embeddable":true,"href":"https:\/\/bcsla.hu\/site\/wp-json\/wp\/v2\/users\/1"}],"replies":[{"embeddable":true,"href":"https:\/\/bcsla.hu\/site\/wp-json\/wp\/v2\/comments?post=4799"}],"version-history":[{"count":5,"href":"https:\/\/bcsla.hu\/site\/wp-json\/wp\/v2\/pages\/4799\/revisions"}],"predecessor-version":[{"id":14309,"href":"https:\/\/bcsla.hu\/site\/wp-json\/wp\/v2\/pages\/4799\/revisions\/14309"}],"up":[{"embeddable":true,"href":"https:\/\/bcsla.hu\/site\/wp-json\/wp\/v2\/pages\/103"}],"wp:attachment":[{"href":"https:\/\/bcsla.hu\/site\/wp-json\/wp\/v2\/media?parent=4799"}],"curies":[{"name":"wp","href":"https:\/\/api.w.org\/{rel}","templated":true}]}}

Békéscsaba Labdarúgó Akadémia &#8211; U10

<div data-elementor-type="wp-page" data-elementor-id="4799" class="elementor elementor-4799">
				<div class="elementor-element elementor-element-5a2c737 e-flex e-con-boxed e-con e-parent" data-id="5a2c737" data-element_type="container" data-e-type="container">
					<div class="e-con-inner">
				<div class="elementor-element elementor-element-f97ba12 elementor-widget elementor-widget-image" data-id="f97ba12" data-element_type="widget" data-e-type="widget" data-widget_type="image.default">
															<img fetchpriority="high" decoding="async" width="1024" height="676" src="https://bcsla.hu/site/wp-content/uploads/2025/11/BLA_U10_2025_2026-1024x676.jpg" class="attachment-large size-large wp-image-14220" alt="" srcset="https://bcsla.hu/site/wp-content/uploads/2025/11/BLA_U10_2025_2026-1024x676.jpg 1024w, https://bcsla.hu/site/wp-content/uploads/2025/11/BLA_U10_2025_2026-300x198.jpg 300w, https://bcsla.hu/site/wp-content/uploads/2025/11/BLA_U10_2025_2026-768x507.jpg 768w, https://bcsla.hu/site/wp-content/uploads/2025/11/BLA_U10_2025_2026-1536x1013.jpg 1536w, https://bcsla.hu/site/wp-content/uploads/2025/11/BLA_U10_2025_2026-100x66.jpg 100w, https://bcsla.hu/site/wp-content/uploads/2025/11/BLA_U10_2025_2026-50x33.jpg 50w, https://bcsla.hu/site/wp-content/uploads/2025/11/BLA_U10_2025_2026-25x16.jpg 25w, https://bcsla.hu/site/wp-content/uploads/2025/11/BLA_U10_2025_2026-90x59.jpg 90w, https://bcsla.hu/site/wp-content/uploads/2025/11/BLA_U10_2025_2026-250x165.jpg 250w, https://bcsla.hu/site/wp-content/uploads/2025/11/BLA_U10_2025_2026-225x148.jpg 225w, https://bcsla.hu/site/wp-content/uploads/2025/11/BLA_U10_2025_2026.jpg 2048w" sizes="(max-width: 1024px) 100vw, 1024px" />															</div>
				<div class="elementor-element elementor-element-e78fe03 elementor-widget elementor-widget-tablepress-table" data-id="e78fe03" data-element_type="widget" data-e-type="widget" data-widget_type="tablepress-table.default">
					
<table id="tablepress-30" class="tablepress tablepress-id-30">
<thead>
<tr class="row-1">
	<th colspan="2" class="column-1">A csapat tagjai a 2025/26-os szezonban</th>
</tr>
</thead>
<tbody class="row-striping row-hover">
<tr class="row-2">
	<td class="column-1">Balázs</td><td class="column-2">László</td>
</tr>
<tr class="row-3">
	<td class="column-1">Béres</td><td class="column-2">Balián</td>
</tr>
<tr class="row-4">
	<td class="column-1">Csernátoni</td><td class="column-2">Ábel</td>
</tr>
<tr class="row-5">
	<td class="column-1">Csizmadia</td><td class="column-2">Kolos</td>
</tr>
<tr class="row-6">
	<td class="column-1">Dajka</td><td class="column-2">Rihárd</td>
</tr>
<tr class="row-7">
	<td class="column-1">Hugyecz</td><td class="column-2">Dániel</td>
</tr>
<tr class="row-8">
	<td class="column-1">Ivanics</td><td class="column-2">Norbert István</td>
</tr>
<tr class="row-9">
	<td class="column-1">Kis Donát</td><td class="column-2">Gellért</td>
</tr>
<tr class="row-10">
	<td class="column-1">Megyesi</td><td class="column-2">Zsolt</td>
</tr>
<tr class="row-11">
	<td class="column-1">Provosinszki</td><td class="column-2">Szabolcs</td>
</tr>
<tr class="row-12">
	<td class="column-1">Sas</td><td class="column-2">Krisztián</td>
</tr>
<tr class="row-13">
	<td class="column-1">Serák</td><td class="column-2">Márton</td>
</tr>
<tr class="row-14">
	<td class="column-1">Trachanas</td><td class="column-2">Milán</td>
</tr>
<tr class="row-15">
	<td class="column-1">Uhljar</td><td class="column-2">Milán</td>
</tr>
</tbody>
</table>
<!-- #tablepress-30 from cache -->				</div>
					</div>
				</div>
				</div>

<p>Szerkesztés A csapat tagjai a 2025/26-os szezonban Balázs László Béres Balián Csernátoni Ábel Csizmadia Kolos Dajka Rihárd Hugyecz Dániel Ivanics Norbert István Kis Donát Gellért Megyesi Zsolt Provosinszki Szabolcs Sas Krisztián Serák Márton Trachanas Milán Uhljar Milán</p>
