{"id":4820,"date":"2019-10-11T08:26:01","date_gmt":"2019-10-11T06:26:01","guid":{"rendered":"https:\/\/bcsla.hu\/site\/?page_id=4820"},"modified":"2025-11-12T02:08:47","modified_gmt":"2025-11-12T01:08:47","slug":"bekescsaba-labdarugo-akademia-u11","status":"publish","type":"page","link":"https:\/\/bcsla.hu\/site\/csapatok\/bekescsaba-labdarugo-akademia-u11\/","title":{"rendered":"B\u00e9k\u00e9scsaba Labdar\u00fag\u00f3 Akad\u00e9mia &#8211; U11"},"content":{"rendered":"\t\t<div data-elementor-type=\"wp-page\" data-elementor-id=\"4820\" class=\"elementor elementor-4820\">\n\t\t\t\t<div class=\"elementor-element elementor-element-28707f8c e-flex e-con-boxed e-con e-parent\" data-id=\"28707f8c\" data-element_type=\"container\" data-e-type=\"container\">\n\t\t\t\t\t<div class=\"e-con-inner\">\n\t\t\t\t<div class=\"elementor-element elementor-element-3acf219 elementor-widget elementor-widget-image\" data-id=\"3acf219\" data-element_type=\"widget\" data-e-type=\"widget\" data-widget_type=\"image.default\">\n\t\t\t\t\t\t\t\t\t\t\t\t\t\t\t<img fetchpriority=\"high\" decoding=\"async\" width=\"1024\" height=\"683\" src=\"https:\/\/bcsla.hu\/site\/wp-content\/uploads\/2025\/11\/BLA_U11_2025_2026-1024x683.jpg\" class=\"attachment-large size-large wp-image-14221\" alt=\"\" srcset=\"https:\/\/bcsla.hu\/site\/wp-content\/uploads\/2025\/11\/BLA_U11_2025_2026-1024x683.jpg 1024w, https:\/\/bcsla.hu\/site\/wp-content\/uploads\/2025\/11\/BLA_U11_2025_2026-300x200.jpg 300w, https:\/\/bcsla.hu\/site\/wp-content\/uploads\/2025\/11\/BLA_U11_2025_2026-768x512.jpg 768w, https:\/\/bcsla.hu\/site\/wp-content\/uploads\/2025\/11\/BLA_U11_2025_2026-1536x1024.jpg 1536w, https:\/\/bcsla.hu\/site\/wp-content\/uploads\/2025\/11\/BLA_U11_2025_2026-100x67.jpg 100w, https:\/\/bcsla.hu\/site\/wp-content\/uploads\/2025\/11\/BLA_U11_2025_2026-50x33.jpg 50w, https:\/\/bcsla.hu\/site\/wp-content\/uploads\/2025\/11\/BLA_U11_2025_2026-25x17.jpg 25w, https:\/\/bcsla.hu\/site\/wp-content\/uploads\/2025\/11\/BLA_U11_2025_2026-90x60.jpg 90w, https:\/\/bcsla.hu\/site\/wp-content\/uploads\/2025\/11\/BLA_U11_2025_2026-250x167.jpg 250w, https:\/\/bcsla.hu\/site\/wp-content\/uploads\/2025\/11\/BLA_U11_2025_2026-225x150.jpg 225w, https:\/\/bcsla.hu\/site\/wp-content\/uploads\/2025\/11\/BLA_U11_2025_2026.jpg 2048w\" sizes=\"(max-width: 1024px) 100vw, 1024px\" \/>\t\t\t\t\t\t\t\t\t\t\t\t\t\t\t<\/div>\n\t\t\t\t<div class=\"elementor-element elementor-element-64751b4 elementor-widget elementor-widget-tablepress-table\" data-id=\"64751b4\" data-element_type=\"widget\" data-e-type=\"widget\" data-widget_type=\"tablepress-table.default\">\n\t\t\t\t\t\n<table id=\"tablepress-29\" class=\"tablepress tablepress-id-29\">\n<thead>\n<tr class=\"row-1\">\n\t<th colspan=\"2\" class=\"column-1\">A csapat tagjai a 2025\/26-os szezonban<\/th>\n<\/tr>\n<\/thead>\n<tbody class=\"row-striping row-hover\">\n<tr class=\"row-2\">\n\t<td class=\"column-1\">Babik<\/td><td class=\"column-2\">Zsombor Nimr\u00f3d<\/td>\n<\/tr>\n<tr class=\"row-3\">\n\t<td class=\"column-1\">Baranyai<\/td><td class=\"column-2\">M\u00e1t\u00e9<\/td>\n<\/tr>\n<tr class=\"row-4\">\n\t<td class=\"column-1\">Csongr\u00e1di<\/td><td class=\"column-2\">M\u00e1rk<\/td>\n<\/tr>\n<tr class=\"row-5\">\n\t<td class=\"column-1\">Forrai<\/td><td class=\"column-2\">Marcell<\/td>\n<\/tr>\n<tr class=\"row-6\">\n\t<td class=\"column-1\">Hrabovszki<\/td><td class=\"column-2\">M\u00e1t\u00e9<\/td>\n<\/tr>\n<tr class=\"row-7\">\n\t<td class=\"column-1\">Kohut<\/td><td class=\"column-2\">Noel Korn\u00e9l<\/td>\n<\/tr>\n<tr class=\"row-8\">\n\t<td class=\"column-1\">Mede<\/td><td class=\"column-2\">Marcell<\/td>\n<\/tr>\n<tr class=\"row-9\">\n\t<td class=\"column-1\">Mellis<\/td><td class=\"column-2\">Attila<\/td>\n<\/tr>\n<tr class=\"row-10\">\n\t<td class=\"column-1\">Mochn\u00e1cs<\/td><td class=\"column-2\">Bal\u00e1zs<\/td>\n<\/tr>\n<tr class=\"row-11\">\n\t<td class=\"column-1\">Moln\u00e1r<\/td><td class=\"column-2\">Zsombor Levente<\/td>\n<\/tr>\n<tr class=\"row-12\">\n\t<td class=\"column-1\">P\u00e1sztori<\/td><td class=\"column-2\">Dominik<\/td>\n<\/tr>\n<tr class=\"row-13\">\n\t<td class=\"column-1\">Seres<\/td><td class=\"column-2\">Benett<\/td>\n<\/tr>\n<tr class=\"row-14\">\n\t<td class=\"column-1\">Sipaki<\/td><td class=\"column-2\">Noel<\/td>\n<\/tr>\n<tr class=\"row-15\">\n\t<td class=\"column-1\">Szab\u00f3<\/td><td class=\"column-2\">Mil\u00e1n Mih\u00e1ly<\/td>\n<\/tr>\n<tr class=\"row-16\">\n\t<td class=\"column-1\">Szab\u00f3<\/td><td class=\"column-2\">Nimr\u00f3d Benjamin<\/td>\n<\/tr>\n<tr class=\"row-17\">\n\t<td class=\"column-1\">Tim\u00e1r<\/td><td class=\"column-2\">Alex<\/td>\n<\/tr>\n<tr class=\"row-18\">\n\t<td class=\"column-1\">Ursz<\/td><td class=\"column-2\">J\u00f3zsef<\/td>\n<\/tr>\n<tr class=\"row-19\">\n\t<td class=\"column-1\">Varga<\/td><td class=\"column-2\">D\u00e1niel<\/td>\n<\/tr>\n<tr class=\"row-20\">\n\t<td class=\"column-1\">Vass<\/td><td class=\"column-2\">Andr\u00e1s<\/td>\n<\/tr>\n<tr class=\"row-21\">\n\t<td class=\"column-1\">Zahor\u00e1n<\/td><td class=\"column-2\">Bal\u00e1zs<\/td>\n<\/tr>\n<\/tbody>\n<\/table>\n<!-- #tablepress-29 from cache -->\t\t\t\t<\/div>\n\t\t\t\t\t<\/div>\n\t\t\t\t<\/div>\n\t\t\t\t<\/div>\n\t\t","protected":false},"excerpt":{"rendered":"<p>Szerkeszt\u00e9s A csapat tagjai a 2025\/26-os szezonban Babik Zsombor Nimr\u00f3d Baranyai M\u00e1t\u00e9 Csongr\u00e1di M\u00e1rk Forrai Marcell Hrabovszki M\u00e1t\u00e9 Kohut Noel Korn\u00e9l Mede Marcell Mellis Attila Mochn\u00e1cs Bal\u00e1zs Moln\u00e1r Zsombor Levente P\u00e1sztori Dominik Seres Benett Sipaki Noel Szab\u00f3 Mil\u00e1n Mih\u00e1ly Szab\u00f3 Nimr\u00f3d Benjamin Tim\u00e1r Alex Ursz J\u00f3zsef Varga D\u00e1niel Vass Andr\u00e1s Zahor\u00e1n Bal\u00e1zs<\/p>\n","protected":false},"author":1,"featured_media":0,"parent":103,"menu_order":23,"comment_status":"closed","ping_status":"closed","template":"","meta":{"footnotes":""},"class_list":["post-4820","page","type-page","status-publish","hentry"],"publishpress_future_action":{"enabled":false,"date":"2026-05-20 06:24:47","action":"change-status","newStatus":"draft","terms":[],"taxonomy":"","extraData":[]},"publishpress_future_workflow_manual_trigger":{"enabledWorkflows":[]},"_links":{"self":[{"href":"https:\/\/bcsla.hu\/site\/wp-json\/wp\/v2\/pages\/4820","targetHints":{"allow":["GET"]}}],"collection":[{"href":"https:\/\/bcsla.hu\/site\/wp-json\/wp\/v2\/pages"}],"about":[{"href":"https:\/\/bcsla.hu\/site\/wp-json\/wp\/v2\/types\/page"}],"author":[{"embeddable":true,"href":"https:\/\/bcsla.hu\/site\/wp-json\/wp\/v2\/users\/1"}],"replies":[{"embeddable":true,"href":"https:\/\/bcsla.hu\/site\/wp-json\/wp\/v2\/comments?post=4820"}],"version-history":[{"count":5,"href":"https:\/\/bcsla.hu\/site\/wp-json\/wp\/v2\/pages\/4820\/revisions"}],"predecessor-version":[{"id":14306,"href":"https:\/\/bcsla.hu\/site\/wp-json\/wp\/v2\/pages\/4820\/revisions\/14306"}],"up":[{"embeddable":true,"href":"https:\/\/bcsla.hu\/site\/wp-json\/wp\/v2\/pages\/103"}],"wp:attachment":[{"href":"https:\/\/bcsla.hu\/site\/wp-json\/wp\/v2\/media?parent=4820"}],"curies":[{"name":"wp","href":"https:\/\/api.w.org\/{rel}","templated":true}]}}