{"id":7544,"date":"2021-03-10T07:29:53","date_gmt":"2021-03-10T06:29:53","guid":{"rendered":"https:\/\/bcsla.hu\/site\/?page_id=7544"},"modified":"2021-11-16T07:02:05","modified_gmt":"2021-11-16T06:02:05","slug":"palyarendszabalyok","status":"publish","type":"page","link":"https:\/\/bcsla.hu\/site\/palyarendszabalyok\/","title":{"rendered":"P\u00e1lyarendszab\u00e1lyok"},"content":{"rendered":"<h3>B\u00e9k\u00e9scsaba Labdar\u00fag\u00f3 Akad\u00e9mia p\u00e1lyarendszab\u00e1lyok (ut\u00e1np\u00f3tl\u00e1s k\u00f6zpont)<\/h3>\n<p><span style=\"color: #ff0000;\"><strong>Aktu\u00e1liz\u00e1lva: 2021. november 15.<\/strong><\/span><\/p>\n<a href=\"https:\/\/bcsla.hu\/site\/wp-content\/uploads\/2021\/03\/20211115_palyarendszabalyok_up_kozpont_uj.pdf\" class=\"pdfemb-viewer\" style=\"\" data-width=\"max\" data-height=\"max\" data-toolbar=\"bottom\" data-toolbar-fixed=\"on\">20211115_palyarendszabalyok_up_kozpont_uj<\/a>\n<p style=\"text-align: center;\"><img decoding=\"async\" class=\"alignnone size-full wp-image-34\" src=\"https:\/\/bcsla.hu\/site\/wp-content\/uploads\/2017\/03\/line_purple.png\" alt=\"\" width=\"680\" height=\"1\" srcset=\"https:\/\/bcsla.hu\/site\/wp-content\/uploads\/2017\/03\/line_purple.png 680w, https:\/\/bcsla.hu\/site\/wp-content\/uploads\/2017\/03\/line_purple-150x1.png 150w, https:\/\/bcsla.hu\/site\/wp-content\/uploads\/2017\/03\/line_purple-300x1.png 300w, https:\/\/bcsla.hu\/site\/wp-content\/uploads\/2017\/03\/line_purple-292x1.png 292w, https:\/\/bcsla.hu\/site\/wp-content\/uploads\/2017\/03\/line_purple-100x1.png 100w, https:\/\/bcsla.hu\/site\/wp-content\/uploads\/2017\/03\/line_purple-50x1.png 50w, https:\/\/bcsla.hu\/site\/wp-content\/uploads\/2017\/03\/line_purple-25x1.png 25w, https:\/\/bcsla.hu\/site\/wp-content\/uploads\/2017\/03\/line_purple-90x1.png 90w\" sizes=\"(max-width: 680px) 100vw, 680px\" \/><\/p>\n<p><a href=\"https:\/\/bcsla.hu\/site\/wp-content\/uploads\/2021\/03\/20211115_palyarendszabalyok_up_kozpont_uj.pdf\" target=\"_blank\" rel=\"noopener noreferrer\"><img decoding=\"async\" class=\"alignnone size-full wp-image-8899\" src=\"https:\/\/bcsla.hu\/site\/wp-content\/uploads\/2021\/03\/pdf_icon.png\" alt=\"\" width=\"42\" height=\"60\" srcset=\"https:\/\/bcsla.hu\/site\/wp-content\/uploads\/2021\/03\/pdf_icon.png 42w, https:\/\/bcsla.hu\/site\/wp-content\/uploads\/2021\/03\/pdf_icon-35x50.png 35w, https:\/\/bcsla.hu\/site\/wp-content\/uploads\/2021\/03\/pdf_icon-18x25.png 18w\" sizes=\"(max-width: 42px) 100vw, 42px\" \/><\/a><\/p>\n","protected":false},"excerpt":{"rendered":"<p>B\u00e9k\u00e9scsaba Labdar\u00fag\u00f3 Akad\u00e9mia p\u00e1lyarendszab\u00e1lyok (ut\u00e1np\u00f3tl\u00e1s k\u00f6zpont) Aktu\u00e1liz\u00e1lva: 2021. november 15.<\/p>\n","protected":false},"author":1,"featured_media":0,"parent":0,"menu_order":16,"comment_status":"closed","ping_status":"closed","template":"","meta":{"footnotes":""},"class_list":["post-7544","page","type-page","status-publish","hentry"],"publishpress_future_action":{"enabled":false,"date":"2026-04-23 04:37:21","action":"change-status","newStatus":"draft","terms":[],"taxonomy":"","extraData":[]},"publishpress_future_workflow_manual_trigger":{"enabledWorkflows":[]},"_links":{"self":[{"href":"https:\/\/bcsla.hu\/site\/wp-json\/wp\/v2\/pages\/7544","targetHints":{"allow":["GET"]}}],"collection":[{"href":"https:\/\/bcsla.hu\/site\/wp-json\/wp\/v2\/pages"}],"about":[{"href":"https:\/\/bcsla.hu\/site\/wp-json\/wp\/v2\/types\/page"}],"author":[{"embeddable":true,"href":"https:\/\/bcsla.hu\/site\/wp-json\/wp\/v2\/users\/1"}],"replies":[{"embeddable":true,"href":"https:\/\/bcsla.hu\/site\/wp-json\/wp\/v2\/comments?post=7544"}],"version-history":[{"count":5,"href":"https:\/\/bcsla.hu\/site\/wp-json\/wp\/v2\/pages\/7544\/revisions"}],"predecessor-version":[{"id":8893,"href":"https:\/\/bcsla.hu\/site\/wp-json\/wp\/v2\/pages\/7544\/revisions\/8893"}],"wp:attachment":[{"href":"https:\/\/bcsla.hu\/site\/wp-json\/wp\/v2\/media?parent=7544"}],"curies":[{"name":"wp","href":"https:\/\/api.w.org\/{rel}","templated":true}]}}